{"id":681,"date":"2025-07-08T22:28:09","date_gmt":"2025-07-08T22:28:09","guid":{"rendered":"https:\/\/rimmedical.com\/?post_type=product&#038;p=681"},"modified":"2026-02-04T16:46:16","modified_gmt":"2026-02-04T16:46:16","slug":"gasas-esteriles-de-algodon-3x-3-7-5cm-x-7-5cm","status":"publish","type":"product","link":"https:\/\/rimmedical.com\/index.php\/producto\/gasas-esteriles-de-algodon-3x-3-7-5cm-x-7-5cm\/","title":{"rendered":"Gasa Est\u00e9ril RIM\u00ae 3&#8243; x 3&#8243;"},"content":{"rendered":"<p data-start=\"269\" data-end=\"659\">Las <strong data-start=\"273\" data-end=\"292\">gasas est\u00e9riles<\/strong> RIM\u00ae est\u00e1n fabricadas con algod\u00f3n 100% natural, siguiendo un proceso cuidadosamente controlado que incluye brechado, plegado, empaquetado y esterilizaci\u00f3n. Gracias a estos pasos, se garantiza un producto seguro, suave al tacto y apto para el contacto directo con la piel. Adem\u00e1s, su presentaci\u00f3n est\u00e9ril asegura una alta protecci\u00f3n frente a contaminantes externos.<\/p>\n<p data-start=\"661\" data-end=\"955\">Este producto est\u00e1 dise\u00f1ado para su uso en cuidados externos, como ap\u00f3sito quir\u00fargico para la absorci\u00f3n de secreciones, curaciones simples y limpieza de heridas. Por lo tanto, las <strong data-start=\"841\" data-end=\"860\">gasas est\u00e9riles<\/strong> son indispensables en entornos cl\u00ednicos, hospitalarios y en botiquines de primeros auxilios.<\/p>\n<p data-start=\"957\" data-end=\"1407\">El tejido de algod\u00f3n permite una alta capacidad de absorci\u00f3n y, al mismo tiempo, mantiene una estructura que no se deshilacha f\u00e1cilmente, lo que contribuye a una mejor limpieza y protecci\u00f3n de la zona tratada. Sin embargo, es importante seguir siempre pr\u00e1cticas seguras de cuidado de heridas, como las recomendadas en la <strong data-start=\"1278\" data-end=\"1361\"><a class=\"cursor-pointer\" href=\"https:\/\/www.cucs.udg.mx\/sites\/default\/files\/adjuntos\/manual_primeros_auxilios_2017.pdf\" target=\"_new\" rel=\"noopener\" data-start=\"1280\" data-end=\"1359\">gu\u00eda de primeros auxilios de la Cruz Roja<\/a><\/strong>, para garantizar una correcta recuperaci\u00f3n.<\/p>\n<p data-start=\"1409\" data-end=\"1703\">En nuestra tienda tambi\u00e9n puedes encontrar otros productos esenciales para curaciones, como guantes est\u00e9riles\u00a0y vendas de diferentes tama\u00f1os. De esta manera, podr\u00e1s contar con todo lo necesario para un cuidado profesional y seguro, respaldado por la calidad de <a href=\"https:\/\/rimmedical.com\/?et_fb=1&amp;PageSpeed=off\">RIM\u00ae.<\/a><\/p>\n","protected":false},"excerpt":{"rendered":"<p>Las <strong data-start=\"273\" data-end=\"292\">gasas est\u00e9riles<\/strong> RIM\u00ae est\u00e1n dise\u00f1ado para su uso en cuidados externos, como ap\u00f3sito quir\u00fargico para la absorci\u00f3n de secreciones, curaciones simples y limpieza de heridas. Por lo tanto, las gasas est\u00e9riles son indispensables en entornos cl\u00ednicos, hospitalarios y en botiquines de primeros auxilios.<\/p>\n<p>&nbsp;<\/p>\n<p><a href=\"https:\/\/rimmedical.com\/wp-content\/uploads\/2025\/07\/iconosMesa-de-trabajo-1.png\"><img loading=\"lazy\" decoding=\"async\" class=\"alignnone wp-image-1064\" src=\"https:\/\/rimmedical.com\/wp-content\/uploads\/2025\/07\/iconosMesa-de-trabajo-1-300x300.png\" alt=\"\" width=\"90\" height=\"90\" \/>\u00a0\u00a0\u00a0\u00a0\u00a0 <\/a><a href=\"https:\/\/rimmedical.com\/wp-content\/uploads\/2025\/07\/iconosMesa-de-trabajo-1.png\">\u00a0<\/a><a href=\"https:\/\/rimmedical.com\/wp-content\/uploads\/2025\/07\/iconosMesa-de-trabajo-2.png\"><img loading=\"lazy\" decoding=\"async\" class=\"alignnone wp-image-1065\" src=\"https:\/\/rimmedical.com\/wp-content\/uploads\/2025\/07\/iconosMesa-de-trabajo-2-300x300.png\" alt=\"\" width=\"90\" height=\"90\" \/><\/a><a href=\"https:\/\/rimmedical.com\/wp-content\/uploads\/2025\/07\/iconosMesa-de-trabajo-1.png\">\u00a0\u00a0\u00a0\u00a0\u00a0 <\/a><a href=\"https:\/\/rimmedical.com\/wp-content\/uploads\/2025\/07\/iconosMesa-de-trabajo-1.png\">\u00a0<\/a><a href=\"https:\/\/rimmedical.com\/wp-content\/uploads\/2025\/09\/ALGODON-ICONO.webp\"><img loading=\"lazy\" decoding=\"async\" class=\"alignnone wp-image-2315\" src=\"https:\/\/rimmedical.com\/wp-content\/uploads\/2025\/09\/ALGODON-ICONO-300x300.webp\" alt=\"\" width=\"90\" height=\"90\" \/><\/a><\/p>\n<p>&nbsp;<\/p>\n<table style=\"width: 249px; margin-top: 0px; margin-bottom: 0px; border-collapse: collapse; text-align: center; font-family: Poppins, medium; font-size: 14px;\">\n<tbody>\n<tr>\n<td style=\"border: 1px solid #999999; padding: 4px 6px; width: 234.792px;\">8 pliegues<\/td>\n<\/tr>\n<tr>\n<td style=\"border: 1px solid #999999; padding: 4px 6px; width: 234.792px;\">Transpirable y no adherente<\/td>\n<\/tr>\n<tr>\n<td style=\"border: 1px solid #999999; padding: 4px 6px; width: 234.792px;\">Resistente al deshilado<\/td>\n<\/tr>\n<\/tbody>\n<\/table>\n","protected":false},"featured_media":2993,"comment_status":"open","ping_status":"closed","template":"","meta":{"_et_pb_use_builder":"off","_et_pb_old_content":"<p data-start=\"269\" data-end=\"659\">Las <strong data-start=\"273\" data-end=\"292\">gasas est\u00e9riles<\/strong> RIM\u00ae est\u00e1n fabricadas con algod\u00f3n 100% natural, siguiendo un proceso cuidadosamente controlado que incluye brechado, plegado, empaquetado y esterilizaci\u00f3n. Gracias a estos pasos, se garantiza un producto seguro, suave al tacto y apto para el contacto directo con la piel. Adem\u00e1s, su presentaci\u00f3n est\u00e9ril asegura una alta protecci\u00f3n frente a contaminantes externos.<\/p>\r\n<p data-start=\"661\" data-end=\"955\">Este producto est\u00e1 dise\u00f1ado para su uso en cuidados externos, como ap\u00f3sito quir\u00fargico para la absorci\u00f3n de secreciones, curaciones simples y limpieza de heridas. Por lo tanto, las <strong data-start=\"841\" data-end=\"860\">gasas est\u00e9riles<\/strong> son indispensables en entornos cl\u00ednicos, hospitalarios y en botiquines de primeros auxilios.<\/p>\r\n<p data-start=\"957\" data-end=\"1407\">El tejido de algod\u00f3n permite una alta capacidad de absorci\u00f3n y, al mismo tiempo, mantiene una estructura que no se deshilacha f\u00e1cilmente, lo que contribuye a una mejor limpieza y protecci\u00f3n de la zona tratada. Sin embargo, es importante seguir siempre pr\u00e1cticas seguras de cuidado de heridas, como las recomendadas en la <strong data-start=\"1278\" data-end=\"1361\"><a class=\"cursor-pointer\" href=\"https:\/\/www.cucs.udg.mx\/sites\/default\/files\/adjuntos\/manual_primeros_auxilios_2017.pdf\" target=\"_new\" rel=\"noopener\" data-start=\"1280\" data-end=\"1359\">gu\u00eda de primeros auxilios de la Cruz Roja<\/a><\/strong>, para garantizar una correcta recuperaci\u00f3n.<\/p>\r\n<p data-start=\"1409\" data-end=\"1703\">En nuestra tienda tambi\u00e9n puedes encontrar otros productos esenciales para curaciones, como guantes est\u00e9riles\u00a0y vendas de diferentes tama\u00f1os. De esta manera, podr\u00e1s contar con todo lo necesario para un cuidado profesional y seguro, respaldado por la calidad de <a href=\"https:\/\/rimmedical.com\/?et_fb=1&PageSpeed=off\">RIM\u00ae.<\/a><\/p>","_et_gb_content_width":""},"product_brand":[],"product_cat":[15,50],"product_tag":[],"class_list":{"0":"post-681","1":"product","2":"type-product","3":"status-publish","4":"has-post-thumbnail","6":"product_cat-sin-categorizar","7":"product_cat-destacados","9":"first","10":"instock","11":"shipping-taxable","12":"product-type-simple"},"yoast_head":"<!-- This site is optimized with the Yoast SEO plugin v26.9 - https:\/\/yoast.com\/product\/yoast-seo-wordpress\/ -->\n<title>Gasas est\u00e9riles 3x3 | Para curar heridas y uso quir\u00fargico<\/title>\n<meta name=\"description\" content=\"Gasas est\u00e9riles 3x3 en empaque individual. Alta absorci\u00f3n para curaciones, heridas, cirug\u00eda o primeros auxilios. Venta mayorista en El Salvador.\" \/>\n<meta name=\"robots\" content=\"index, follow, max-snippet:-1, max-image-preview:large, max-video-preview:-1\" \/>\n<link rel=\"canonical\" href=\"https:\/\/rimmedical.com\/index.php\/producto\/gasas-esteriles-de-algodon-3x-3-7-5cm-x-7-5cm\/\" \/>\n<meta property=\"og:locale\" content=\"es_ES\" \/>\n<meta property=\"og:type\" content=\"article\" \/>\n<meta property=\"og:title\" content=\"Gasas est\u00e9riles 3x3 | Para curar heridas y uso quir\u00fargico\" \/>\n<meta property=\"og:description\" content=\"Gasas est\u00e9riles 3x3 en empaque individual. Alta absorci\u00f3n para curaciones, heridas, cirug\u00eda o primeros auxilios. Venta mayorista en El Salvador.\" \/>\n<meta property=\"og:url\" content=\"https:\/\/rimmedical.com\/index.php\/producto\/gasas-esteriles-de-algodon-3x-3-7-5cm-x-7-5cm\/\" \/>\n<meta property=\"og:site_name\" content=\"RIM INSUMOS M\u00c9DICOS EL SALVADOR\" \/>\n<meta property=\"article:modified_time\" content=\"2026-02-04T16:46:16+00:00\" \/>\n<meta property=\"og:image\" content=\"https:\/\/rimmedical.com\/wp-content\/uploads\/2025\/07\/Gasa-Esteril-RIM\u00ae-3\u2033-x-3\u2033_02.png\" \/>\n\t<meta property=\"og:image:width\" content=\"1080\" \/>\n\t<meta property=\"og:image:height\" content=\"1080\" \/>\n\t<meta property=\"og:image:type\" content=\"image\/png\" \/>\n<meta name=\"twitter:card\" content=\"summary_large_image\" \/>\n<meta name=\"twitter:label1\" content=\"Tiempo de lectura\" \/>\n\t<meta name=\"twitter:data1\" content=\"2 minutos\" \/>\n<script type=\"application\/ld+json\" class=\"yoast-schema-graph\">{\"@context\":\"https:\/\/schema.org\",\"@graph\":[{\"@type\":\"WebPage\",\"@id\":\"https:\/\/rimmedical.com\/index.php\/producto\/gasas-esteriles-de-algodon-3x-3-7-5cm-x-7-5cm\/\",\"url\":\"https:\/\/rimmedical.com\/index.php\/producto\/gasas-esteriles-de-algodon-3x-3-7-5cm-x-7-5cm\/\",\"name\":\"Gasas est\u00e9riles 3x3 | Para curar heridas y uso quir\u00fargico\",\"isPartOf\":{\"@id\":\"https:\/\/rimmedical.com\/#website\"},\"primaryImageOfPage\":{\"@id\":\"https:\/\/rimmedical.com\/index.php\/producto\/gasas-esteriles-de-algodon-3x-3-7-5cm-x-7-5cm\/#primaryimage\"},\"image\":{\"@id\":\"https:\/\/rimmedical.com\/index.php\/producto\/gasas-esteriles-de-algodon-3x-3-7-5cm-x-7-5cm\/#primaryimage\"},\"thumbnailUrl\":\"https:\/\/rimmedical.com\/wp-content\/uploads\/2025\/07\/Gasa-Esteril-RIM\u00ae-3\u2033-x-3\u2033_02.png\",\"datePublished\":\"2025-07-08T22:28:09+00:00\",\"dateModified\":\"2026-02-04T16:46:16+00:00\",\"description\":\"Gasas est\u00e9riles 3x3 en empaque individual. Alta absorci\u00f3n para curaciones, heridas, cirug\u00eda o primeros auxilios. Venta mayorista en El Salvador.\",\"breadcrumb\":{\"@id\":\"https:\/\/rimmedical.com\/index.php\/producto\/gasas-esteriles-de-algodon-3x-3-7-5cm-x-7-5cm\/#breadcrumb\"},\"inLanguage\":\"es\",\"potentialAction\":[{\"@type\":\"ReadAction\",\"target\":[\"https:\/\/rimmedical.com\/index.php\/producto\/gasas-esteriles-de-algodon-3x-3-7-5cm-x-7-5cm\/\"]}]},{\"@type\":\"ImageObject\",\"inLanguage\":\"es\",\"@id\":\"https:\/\/rimmedical.com\/index.php\/producto\/gasas-esteriles-de-algodon-3x-3-7-5cm-x-7-5cm\/#primaryimage\",\"url\":\"https:\/\/rimmedical.com\/wp-content\/uploads\/2025\/07\/Gasa-Esteril-RIM\u00ae-3\u2033-x-3\u2033_02.png\",\"contentUrl\":\"https:\/\/rimmedical.com\/wp-content\/uploads\/2025\/07\/Gasa-Esteril-RIM\u00ae-3\u2033-x-3\u2033_02.png\",\"width\":1080,\"height\":1080},{\"@type\":\"BreadcrumbList\",\"@id\":\"https:\/\/rimmedical.com\/index.php\/producto\/gasas-esteriles-de-algodon-3x-3-7-5cm-x-7-5cm\/#breadcrumb\",\"itemListElement\":[{\"@type\":\"ListItem\",\"position\":1,\"name\":\"Portada\",\"item\":\"https:\/\/rimmedical.com\/\"},{\"@type\":\"ListItem\",\"position\":2,\"name\":\"Productos\",\"item\":\"https:\/\/rimmedical.com\/index.php\/tienda\/\"},{\"@type\":\"ListItem\",\"position\":3,\"name\":\"Gasa Est\u00e9ril RIM\u00ae 3&#8243; x 3&#8243;\"}]},{\"@type\":\"WebSite\",\"@id\":\"https:\/\/rimmedical.com\/#website\",\"url\":\"https:\/\/rimmedical.com\/\",\"name\":\"RIM INSUMOS M\u00c9DICOS EL SALVADOR\",\"description\":\"\",\"potentialAction\":[{\"@type\":\"SearchAction\",\"target\":{\"@type\":\"EntryPoint\",\"urlTemplate\":\"https:\/\/rimmedical.com\/?s={search_term_string}\"},\"query-input\":{\"@type\":\"PropertyValueSpecification\",\"valueRequired\":true,\"valueName\":\"search_term_string\"}}],\"inLanguage\":\"es\"}]}<\/script>\n<!-- \/ Yoast SEO plugin. -->","yoast_head_json":{"title":"Gasas est\u00e9riles 3x3 | Para curar heridas y uso quir\u00fargico","description":"Gasas est\u00e9riles 3x3 en empaque individual. Alta absorci\u00f3n para curaciones, heridas, cirug\u00eda o primeros auxilios. Venta mayorista en El Salvador.","robots":{"index":"index","follow":"follow","max-snippet":"max-snippet:-1","max-image-preview":"max-image-preview:large","max-video-preview":"max-video-preview:-1"},"canonical":"https:\/\/rimmedical.com\/index.php\/producto\/gasas-esteriles-de-algodon-3x-3-7-5cm-x-7-5cm\/","og_locale":"es_ES","og_type":"article","og_title":"Gasas est\u00e9riles 3x3 | Para curar heridas y uso quir\u00fargico","og_description":"Gasas est\u00e9riles 3x3 en empaque individual. Alta absorci\u00f3n para curaciones, heridas, cirug\u00eda o primeros auxilios. Venta mayorista en El Salvador.","og_url":"https:\/\/rimmedical.com\/index.php\/producto\/gasas-esteriles-de-algodon-3x-3-7-5cm-x-7-5cm\/","og_site_name":"RIM INSUMOS M\u00c9DICOS EL SALVADOR","article_modified_time":"2026-02-04T16:46:16+00:00","og_image":[{"width":1080,"height":1080,"url":"https:\/\/rimmedical.com\/wp-content\/uploads\/2025\/07\/Gasa-Esteril-RIM\u00ae-3\u2033-x-3\u2033_02.png","type":"image\/png"}],"twitter_card":"summary_large_image","twitter_misc":{"Tiempo de lectura":"2 minutos"},"schema":{"@context":"https:\/\/schema.org","@graph":[{"@type":"WebPage","@id":"https:\/\/rimmedical.com\/index.php\/producto\/gasas-esteriles-de-algodon-3x-3-7-5cm-x-7-5cm\/","url":"https:\/\/rimmedical.com\/index.php\/producto\/gasas-esteriles-de-algodon-3x-3-7-5cm-x-7-5cm\/","name":"Gasas est\u00e9riles 3x3 | Para curar heridas y uso quir\u00fargico","isPartOf":{"@id":"https:\/\/rimmedical.com\/#website"},"primaryImageOfPage":{"@id":"https:\/\/rimmedical.com\/index.php\/producto\/gasas-esteriles-de-algodon-3x-3-7-5cm-x-7-5cm\/#primaryimage"},"image":{"@id":"https:\/\/rimmedical.com\/index.php\/producto\/gasas-esteriles-de-algodon-3x-3-7-5cm-x-7-5cm\/#primaryimage"},"thumbnailUrl":"https:\/\/rimmedical.com\/wp-content\/uploads\/2025\/07\/Gasa-Esteril-RIM\u00ae-3\u2033-x-3\u2033_02.png","datePublished":"2025-07-08T22:28:09+00:00","dateModified":"2026-02-04T16:46:16+00:00","description":"Gasas est\u00e9riles 3x3 en empaque individual. Alta absorci\u00f3n para curaciones, heridas, cirug\u00eda o primeros auxilios. Venta mayorista en El Salvador.","breadcrumb":{"@id":"https:\/\/rimmedical.com\/index.php\/producto\/gasas-esteriles-de-algodon-3x-3-7-5cm-x-7-5cm\/#breadcrumb"},"inLanguage":"es","potentialAction":[{"@type":"ReadAction","target":["https:\/\/rimmedical.com\/index.php\/producto\/gasas-esteriles-de-algodon-3x-3-7-5cm-x-7-5cm\/"]}]},{"@type":"ImageObject","inLanguage":"es","@id":"https:\/\/rimmedical.com\/index.php\/producto\/gasas-esteriles-de-algodon-3x-3-7-5cm-x-7-5cm\/#primaryimage","url":"https:\/\/rimmedical.com\/wp-content\/uploads\/2025\/07\/Gasa-Esteril-RIM\u00ae-3\u2033-x-3\u2033_02.png","contentUrl":"https:\/\/rimmedical.com\/wp-content\/uploads\/2025\/07\/Gasa-Esteril-RIM\u00ae-3\u2033-x-3\u2033_02.png","width":1080,"height":1080},{"@type":"BreadcrumbList","@id":"https:\/\/rimmedical.com\/index.php\/producto\/gasas-esteriles-de-algodon-3x-3-7-5cm-x-7-5cm\/#breadcrumb","itemListElement":[{"@type":"ListItem","position":1,"name":"Portada","item":"https:\/\/rimmedical.com\/"},{"@type":"ListItem","position":2,"name":"Productos","item":"https:\/\/rimmedical.com\/index.php\/tienda\/"},{"@type":"ListItem","position":3,"name":"Gasa Est\u00e9ril RIM\u00ae 3&#8243; x 3&#8243;"}]},{"@type":"WebSite","@id":"https:\/\/rimmedical.com\/#website","url":"https:\/\/rimmedical.com\/","name":"RIM INSUMOS M\u00c9DICOS EL SALVADOR","description":"","potentialAction":[{"@type":"SearchAction","target":{"@type":"EntryPoint","urlTemplate":"https:\/\/rimmedical.com\/?s={search_term_string}"},"query-input":{"@type":"PropertyValueSpecification","valueRequired":true,"valueName":"search_term_string"}}],"inLanguage":"es"}]}},"jetpack_sharing_enabled":true,"_links":{"self":[{"href":"https:\/\/rimmedical.com\/index.php\/wp-json\/wp\/v2\/product\/681","targetHints":{"allow":["GET"]}}],"collection":[{"href":"https:\/\/rimmedical.com\/index.php\/wp-json\/wp\/v2\/product"}],"about":[{"href":"https:\/\/rimmedical.com\/index.php\/wp-json\/wp\/v2\/types\/product"}],"replies":[{"embeddable":true,"href":"https:\/\/rimmedical.com\/index.php\/wp-json\/wp\/v2\/comments?post=681"}],"wp:featuredmedia":[{"embeddable":true,"href":"https:\/\/rimmedical.com\/index.php\/wp-json\/wp\/v2\/media\/2993"}],"wp:attachment":[{"href":"https:\/\/rimmedical.com\/index.php\/wp-json\/wp\/v2\/media?parent=681"}],"wp:term":[{"taxonomy":"product_brand","embeddable":true,"href":"https:\/\/rimmedical.com\/index.php\/wp-json\/wp\/v2\/product_brand?post=681"},{"taxonomy":"product_cat","embeddable":true,"href":"https:\/\/rimmedical.com\/index.php\/wp-json\/wp\/v2\/product_cat?post=681"},{"taxonomy":"product_tag","embeddable":true,"href":"https:\/\/rimmedical.com\/index.php\/wp-json\/wp\/v2\/product_tag?post=681"}],"curies":[{"name":"wp","href":"https:\/\/api.w.org\/{rel}","templated":true}]}}